{"id":136,"date":"2022-02-25T12:23:05","date_gmt":"2022-02-25T17:23:05","guid":{"rendered":"https:\/\/eipro.net\/?page_id=136"},"modified":"2024-10-24T10:49:33","modified_gmt":"2024-10-24T15:49:33","slug":"vision","status":"publish","type":"page","link":"https:\/\/eipro.net\/?page_id=136","title":{"rendered":"VISI\u00d3N"},"content":{"rendered":"<p>[et_pb_section fb_built=\u00bb1&#8243; theme_builder_area=\u00bbpost_content\u00bb _builder_version=\u00bb4.14.8&#8243; _module_preset=\u00bbdefault\u00bb title_text=\u00bbpexels-cottonbro-6814341&#8243; background_image=\u00bbhttps:\/\/eipro.net\/wp-content\/uploads\/2022\/02\/pexels-cottonbro-6814341-scaled.jpg\u00bb hover_enabled=\u00bb0&#8243; sticky_enabled=\u00bb0&#8243;][et_pb_row _builder_version=\u00bb4.14.8&#8243; _module_preset=\u00bbdefault\u00bb theme_builder_area=\u00bbpost_content\u00bb][et_pb_column _builder_version=\u00bb4.14.8&#8243; _module_preset=\u00bbdefault\u00bb type=\u00bb4_4&#8243; theme_builder_area=\u00bbpost_content\u00bb][et_pb_text _builder_version=\u00bb4.14.8&#8243; _module_preset=\u00bbdefault\u00bb theme_builder_area=\u00bbpost_content\u00bb hover_enabled=\u00bb0&#8243; sticky_enabled=\u00bb0&#8243; text_font=\u00bb|800|||||||\u00bb text_text_color=\u00bb#FFFFFF\u00bb text_font_size=\u00bb27px\u00bb]<\/p>\n<p>VISI\u00d3N<\/p>\n<p>[\/et_pb_text][\/et_pb_column][\/et_pb_row][\/et_pb_section][et_pb_section fb_built=\u00bb1&#8243; theme_builder_area=\u00bbpost_content\u00bb _builder_version=\u00bb4.14.8&#8243; _module_preset=\u00bbdefault\u00bb][et_pb_row _builder_version=\u00bb4.14.8&#8243; _module_preset=\u00bbdefault\u00bb theme_builder_area=\u00bbpost_content\u00bb][et_pb_column _builder_version=\u00bb4.14.8&#8243; _module_preset=\u00bbdefault\u00bb type=\u00bb4_4&#8243; theme_builder_area=\u00bbpost_content\u00bb][et_pb_blurb title=\u00bbVISI\u00d3N\u00bb image=\u00bbhttps:\/\/eipro.net\/wp-content\/uploads\/2022\/02\/testigo.png\u00bb _builder_version=\u00bb4.14.8&#8243; _module_preset=\u00bbdefault\u00bb theme_builder_area=\u00bbpost_content\u00bb hover_enabled=\u00bb0&#8243; sticky_enabled=\u00bb0&#8243; title_text=\u00bbtestigo\u00bb image_icon_width=\u00bb102%\u00bb icon_placement=\u00bbleft\u00bb custom_margin=\u00bb|491px||||\u00bb header_font=\u00bb|700|||||||\u00bb]<\/p>\n<p><span>Ser reconocido como un Centro de capacitaci\u00f3n y Educaci\u00f3n Continua de referencia nacional e internacional, por su calidad acad\u00e9mica y car\u00e1cter innovador en beneficio de la sociedad.<\/span><\/p>\n<p>[\/et_pb_blurb][\/et_pb_column][\/et_pb_row][\/et_pb_section]<\/p>\n","protected":false},"excerpt":{"rendered":"<p>VISI\u00d3NSer reconocido como un Centro de capacitaci\u00f3n y Educaci\u00f3n Continua de referencia nacional e internacional, por su calidad acad\u00e9mica y car\u00e1cter innovador en beneficio de la sociedad.<\/p>\n","protected":false},"author":1,"featured_media":0,"parent":0,"menu_order":0,"comment_status":"closed","ping_status":"closed","template":"","meta":{"_et_pb_use_builder":"on","_et_pb_old_content":"<!-- wp:divi\/placeholder \/-->","_et_gb_content_width":"","_joinchat":[],"footnotes":""},"class_list":["post-136","page","type-page","status-publish","hentry"],"_links":{"self":[{"href":"https:\/\/eipro.net\/index.php?rest_route=\/wp\/v2\/pages\/136","targetHints":{"allow":["GET"]}}],"collection":[{"href":"https:\/\/eipro.net\/index.php?rest_route=\/wp\/v2\/pages"}],"about":[{"href":"https:\/\/eipro.net\/index.php?rest_route=\/wp\/v2\/types\/page"}],"author":[{"embeddable":true,"href":"https:\/\/eipro.net\/index.php?rest_route=\/wp\/v2\/users\/1"}],"replies":[{"embeddable":true,"href":"https:\/\/eipro.net\/index.php?rest_route=%2Fwp%2Fv2%2Fcomments&post=136"}],"version-history":[{"count":3,"href":"https:\/\/eipro.net\/index.php?rest_route=\/wp\/v2\/pages\/136\/revisions"}],"predecessor-version":[{"id":194,"href":"https:\/\/eipro.net\/index.php?rest_route=\/wp\/v2\/pages\/136\/revisions\/194"}],"wp:attachment":[{"href":"https:\/\/eipro.net\/index.php?rest_route=%2Fwp%2Fv2%2Fmedia&parent=136"}],"curies":[{"name":"wp","href":"https:\/\/api.w.org\/{rel}","templated":true}]}}